e factors of m?
2, 3, 1459
Suppose 2*d = -17 - 9. Let p(q) = 3*q - 48. Let s be p(d). Let u = s + 213. What are the prime factors of u?
2, 3, 7
Suppose 0 = m - 4*t - 8, 3 = -2*m + 4*m + 5*t. Let q(i) = 4*i**2 - 12*i + 10. Let p be q(m). Suppose 29*f - p*f - 219 = 0. What are the prime factors of f?
73
Let j = -39276 + 70288. List the prime factors of j.
2, 7753
Let b = 1109 + 1390. What are the prime factors of b?
3, 7, 17
Let i(w) = -2*w**2 + 5*w + 10. Let j(f) = -f + 1. Let v(l) = -i(l) + j(l). Let t be v(9). Suppose 102*u - t*u - 174 = 0. What are the prime factors of u?
2, 29
Let f(y) = y**3 + 23*y**2 + 10*y - 18. Let j be f(-22). Let r = 317 - j. List the prime factors of r.
71
Let n be (18/8)/(-3)*-8. Let c(x) = -1 + 3 + x**3 + 0*x - 6*x**2 + 6*x. List the prime factors of c(n).
2, 19
Let y = -149 - -381. Suppose y*n = 224*n + 3736. List the prime factors of n.
467
Let l(p) = -2*p - 59. Let b be (-6)/9*15*3/(-5). Let i(u) = -1. Let j(f) = b*i(f) - l(f). What are the prime factors of j(0)?
53
Suppose x = -5, -3*h - 4*x = -8*h + 30. Suppose -2*z = -8, 2*l - z - h*z + 4 = 0. Suppose 0 = 4*c - l, 2*v - 39 - 100 = -5*c. List the prime factors of v.
67
What are the prime factors of (5/10*-157)/((-3)/258)?
43, 157
Let j(c) = 6*c + 1 - 7080*c**2 + 7086*c**2 + 2 - c**3. Suppose 13*d = 17*d - 20. What are the prime factors of j(d)?
2, 29
Let b be 1406/3 - (-6)/(-9). Let n = b - -61. List the prime factors of n.
23
Suppose -5*s - 3*a = -25, -27 = -s + 4*a - 9*a. Suppose 5*d + 3*q = 8*d - 27, -s*d + 21 = -5*q. List the prime factors of d.
2
Suppose 1987 = 2*n + 3*s, -3*s + 4009 = 4*n - 4*s. Suppose -3*c - n = -5*q, 0 = 3*q + 4*c - 7*c - 597. List the prime factors of q.
2, 101
Let a(v) = 28*v**3 + 11*v**2 + 4*v + 12. List the prime factors of a(7).
17, 599
Let h = -187 + 181. What are the prime factors of 330 + 6/(h/(-5))?
5, 67
Let y be 1*16/(144/459). Suppose 5*b = 22 - 2. Suppose b*z + y = 7*z. What are the prime factors of z?
17
Let m(h) = -h**3 - 5*h**2 - h + 13. Let y be m(-4). Let q be (y/2)/((-4)/(-1016)). Suppose -4*x + 371 - q = d, 2*x = -5*d + 122. List the prime factors of x.
61
Suppose -o = -0*o - 219. Let a be -5 - (2 - (-112 - -1 - 3)). Let d = o + a. What are the prime factors of d?
2, 7
Let m be 7 + 0 + 2/(-1). Suppose 2*w = 4*v + 490, -5*w + 0*v + 1220 = -m*v. List the prime factors of w.
3
Let r(i) = 5*i**2 - 2*i + 5. Suppose 0 = -3*y - 6, 3*x = -x + 5*y + 26. Suppose x*u = -1 - 11. What are the prime factors of r(u)?
2, 7
Let f = -13010 - -20745. What are the prime factors of f?
5, 7, 13, 17
Let i(o) be the third derivative of -o**6/120 + 2*o**5/15 + 7*o**3/6 - 17*o**2. Let j be i(8). Suppose 6*x - 5*x = j. What are the prime factors of x?
7
Let n be -4 - (-4 + -1) - -10999. Suppose -46*a - n = -68*a. What are the prime factors of a?
2, 5
Suppose 0 = 37*v - 172786 - 104566. What are the prime factors of v?
2, 937
Suppose 14088 = -325*l + 331*l. What are the prime factors of l?
2, 587
Let c(u) = 922*u**2 + 580*u + 4506. List the prime factors of c(-8).
2, 29437
Let d(j) = 5*j - 167. Let m be d(35). Suppose -m*i = -12*i, -2*i = 5*w - 3730. List the prime factors of w.
2, 373
Suppose -39*x - 101*x = -2805880. List the prime factors of x.
2, 11, 911
Let x = 17691 - -2013. List the prime factors of x.
2, 3, 821
Let d = 495 + -486. Suppose -d*c + 2077 = -8120. What are the prime factors of c?
11, 103
Suppose -y - 3*y = -4*f + 24, -3*f - y + 6 = 0. Let u(q) = -10*q**2 - 5*q + 3. Let j be u(f). Let k = 173 + j. What are the prime factors of k?
71
Let u = 347 + -337. Suppose u*v - 11*v + 571 = 2*n, 2*n - 2855 = -5*v. What are the prime factors of v?
571
Suppose 57*w - 36*w - 62*w + 270354 = 0. What are the prime factors of w?
2, 3, 7, 157
Let t(n) = 12*n**2 - 2*n - 1. Let o be t(-2). Suppose 1703 = 14*d + o. What are the prime factors of d?
2, 59
Let v = 128 - 18. Let i = 30 + 216. Let a = i - v. What are the prime factors of a?
2, 17
Suppose -2123 = -y - 2128, -5*y - 2625 = -4*q. List the prime factors of q.
2, 5, 13
Let g be (0/6 + -4)*(-1)/2. Suppose i - 764 = -g*t + 2*i, t + 4*i = 364. Let w = -211 + t. List the prime factors of w.
13
Let r = -27 - -32. Suppose -r*y - 1018 = 2*k, -y - 3*k + 207 = -2*y. Let c = y - -374. List the prime factors of c.
2, 5, 17
Let x be (29 - 25)*(-2)/(-4) + 173. Suppose -x - 2471 = -6*r. List the prime factors of r.
3, 7
Let o be 0/2 - -2 - (-2 + 2). Suppose -n - 1 = -2*p, 4*n = -2*p + o + 4. Let a(q) = 170*q**2 - 3*q + 2. List the prime factors of a(p).
13
What are the prime factors of 25*(-8)/(-15)*(4784/32 - -5)?
2, 5, 103
Suppose 5*m - 42 = 13. Suppose 15 = -m*x + 14*x. Suppose 0 = -x*a + 33 + 47. List the prime factors of a.
2
Suppose -5*x + 6 = 3*l - 2*x, -3*x = -9. Let w(t) = -t**2 + 24*t + 22. Let h(v) = v**2 + v. Let n(g) = l*w(g) - 2*h(g). What are the prime factors of n(-12)?
2, 73
Let r(z) be the second derivative of z**4/4 + z**2/2 + 16*z. Let d be r(-1). Suppose -2*f + d*f = 178. What are the prime factors of f?
89
Let b(m) = -m**2 + 15*m - 52. Let l be b(6). Suppose 2*a - 412 = 4*f, 0 = -l*a - f + 269 + 123. What are the prime factors of a?
2, 3, 11
Suppose -798 = -35*a + 32*a. Suppose -4*o - 74 = -a. List the prime factors of o.
2, 3
Let g(w) = 92*w**2 - 20*w - 251. List the prime factors of g(-11).
17, 653
Let c(x) = -10*x - 12. Let u be c(-8). What are the prime factors of (-15)/(u/72 - 1)?
2, 3, 5
Let z = 1082 - -14322. What are the prime factors of z?
2, 3851
Let x = 215 - 197. Suppose -p = 3*m - 1286, -858 = 16*m - x*m - p. List the prime factors of m.
2, 107
Let k(l) = -3*l - 10. Let m be k(-4). Let p be 2 + 0 - -2*(-33)/m. Let w = p + 166. List the prime factors of w.
3, 5
Let c = -518 + 502. What are the prime factors of (-8)/(c/8) - (-64 - -3)?
5, 13
Let v(s) = 15*s + 5. Let h be (44/(-10) + 6)*5. List the prime factors of v(h).
5
Let o = 44746 - 28698. What are the prime factors of o?
2, 17, 59
Let y be -3 + (176924/(-121) - (-2)/11). Let m = -548 - y. List the prime factors of m.
7, 131
Suppose 24 = z - 3*f - 15, -2*f = -z + 43. Suppose -r + 177 = -5*b, 2*b - 3*r + 46 + 30 = 0. Let v = z + b. List the prime factors of v.
2
Suppose 15*q = 18*q + 3*y - 14151, -2*q + 5*y = -9399. List the prime factors of q.
2, 19, 31
Let i(m) = 54*m**2 + 40*m + 57. List the prime factors of i(9).
3, 1597
Suppose 3*s + s = 16. Suppose 3*a + 0*f - 2 = 2*f, a = s*f + 4. What are the prime factors of a - (-270 + -4 + 4)?
2, 3, 5
Suppose 0 = 4*t - 34 - 2. Suppose -t*y = -2505 + 507. Suppose -o - y = -3*o. What are the prime factors of o?
3, 37
Let t(s) = s**3 + 24*s**2 + 30*s - 33. Let d be t(-11). Suppose -4*m - 2*a + d = -0*m, -5*m = -2*a - 1517. What are the prime factors of m?
3, 101
Let o be 4/(-26) + 2139/299. Let w = o + -1. Let a(p) = p + 6. What are the prime factors of a(w)?
2, 3
Suppose -34*m = -46*m + 1608. Let w = 308 - m. What are the prime factors of w?
2, 3, 29
Suppose 0 = 2*r - p + 15, 2*r + 10 + 2 = -2*p. Let u be (1/(r/24))/(1/(-63)). Suppose 7*j + u = 1231. What are the prime factors of j?
5, 29
Let c(k) be the first derivative of 2*k**3/3 + 14*k**2 - 92*k + 104. What are the prime factors of c(-28)?
2, 173
Let z(v) = v**3 - 15*v**2 - 58*v - 33. What are the prime factors of z(33)?
3, 5, 11, 107
Suppose 3*o = 2*o + 5*i + 491, -2*i = 2*o - 934. Suppose o = a + 8. List the prime factors of a.
463
Let v be ((-1)/(-1))/((-23)/23). List the prime factors of v/((-1)/664) + 142/142.
5, 7, 19
Suppose -4*h - f = -124926, 2*h - 45956 = f + 16504. List the prime factors of h.
31231
Let g(v) = -17*v - 177. Let x be g(-11). Let y(f) = f**3 - 7*f**2 + 25*f - 23. List the prime factors of y(x).
17, 31
Let o(j) be the second derivative of 13*j**4/12 - 13*j**3/6 + 25*j**2 - 2*j + 20. List the prime factors of o(6).
2, 5, 11
Suppose -a = -5*a + b + 17, 5*a = 3*b + 30. Suppose -5*h + 568 = 5*g - 3*g, a*h - 284 = -g. List the prime factors of g.
2, 71
Let u = 645 - -2394. What are the prime factors of u?
3, 1013
Suppose 2*d + 3*j - 59703 = 0, 2*d = 2*j + 19731 + 39947. List the prime factors of d.
2, 3, 829
Let r be -3 + 4 - 4/(2*-1). Suppose r*c - 4*k - 187 = 2*c, -5*c + 875 = -5*k. Suppose h - 37 = -4*d, 3*h - c = 4*d - d. List the prime factors of h.
53
Suppose -24504 = -4*f + 2*j, 5*j + 163 =